inder when 557 is divided by 40?
37
What is the remainder when 39 is divided by 8?
7
What is the remainder when 344 is divided by 70?
64
What is the remainder when 647 is divided by 30?
17
Calculate the remainder when 4495 is divided by 16.
15
Calculate the remainder when 22 is divided by 14.
8
What is the remainder when 989 is divided by 14?
9
Calculate the remainder when 227 is divided by 74.
5
What is the remainder when 1978 is divided by 11?
9
What is the remainder when 37871 is divided by 16?
15
Calculate the remainder when 226 is divided by 19.
17
Calculate the remainder when 64 is divided by 33.
31
What is the remainder when 6097 is divided by 37?
29
Calculate the remainder when 85 is divided by 23.
16
Calculate the remainder when 1102 is divided by 69.
67
Calculate the remainder when 29 is divided by 2.
1
Calculate the remainder when 231 is divided by 59.
54
What is the remainder when 96 is divided by 86?
10
Calculate the remainder when 6064 is divided by 9.
7
Calculate the remainder when 8651 is divided by 78.
71
Calculate the remainder when 676 is divided by 59.
27
What is the remainder when 89 is divided by 50?
39
Calculate the remainder when 1090 is divided by 84.
82
Calculate the remainder when 205 is divided by 32.
13
Calculate the remainder when 137 is divided by 48.
41
Calculate the remainder when 22 is divided by 4.
2
What is the remainder when 1748 is divided by 17?
14
Calculate the remainder when 150 is divided by 41.
27
Calculate the remainder when 50 is divided by 27.
23
Calculate the remainder when 61 is divided by 22.
17
What is the remainder when 817 is divided by 55?
47
Calculate the remainder when 65 is divided by 23.
19
Calculate the remainder when 922 is divided by 129.
19
What is the remainder when 5248 is divided by 35?
33
Calculate the remainder when 46 is divided by 24.
22
Calculate the remainder when 51 is divided by 48.
3
What is the remainder when 233 is divided by 13?
12
Calculate the remainder when 366 is divided by 116.
18
Calculate the remainder when 1467 is divided by 70.
67
Calculate the remainder when 95 is divided by 34.
27
Calculate the remainder when 44 is divided by 12.
8
Calculate the remainder when 296 is divided by 146.
4
What is the remainder when 180 is divided by 14?
12
What is the remainder when 329 is divided by 84?
77
Calculate the remainder when 155 is divided by 42.
29
Calculate the remainder when 4478 is divided by 319.
12
Calculate the remainder when 139 is divided by 28.
27
Calculate the remainder when 364 is divided by 45.
4
Calculate the remainder when 175 is divided by 44.
43
Calculate the remainder when 5264 is divided by 52.
12
Calculate the remainder when 1932 is divided by 16.
12
Calculate the remainder when 144 is divided by 16.
0
Calculate the remainder when 396 is divided by 42.
18
Calculate the remainder when 2160 is divided by 31.
21
Calculate the remainder when 32 is divided by 12.
8
Calculate the remainder when 110 is divided by 44.
22
Calculate the remainder when 1729 is divided by 6.
1
What is the remainder when 37117 is divided by 145?
142
Calculate the remainder when 267 is divided by 5.
2
What is the remainder when 129 is divided by 65?
64
What is the remainder when 131 is divided by 86?
45
Calculate the remainder when 101 is divided by 18.
11
Calculate the remainder when 496 is divided by 81.
10
What is the remainder when 47 is divided by 30?
17
What is the remainder when 14206 is divided by 58?
54
Calculate the remainder when 458 is divided by 206.
46
Calculate the remainder when 307 is divided by 92.
31
Calculate the remainder when 238 is divided by 26.
4
What is the remainder when 7548 is divided by 236?
232
Calculate the remainder when 439 is divided by 142.
13
Calculate the remainder when 29 is divided by 13.
3
What is the remainder when 707 is divided by 65?
57
What is the remainder when 11559 is divided by 85?
84
What is the remainder when 137 is divided by 10?
7
Calculate the remainder when 396 is divided by 45.
36
Calculate the remainder when 519 is divided by 52.
51
What is the remainder when 204 is divided by 52?
48
What is the remainder when 84 is divided by 21?
0
What is the remainder when 5307 is divided by 166?
161
What is the remainder when 1165 is divided by 117?
112
Calculate the remainder when 259 is divided by 57.
31
Calculate the remainder when 514 is divided by 71.
17
Calculate the remainder when 64 is divided by 27.
10
What is the remainder when 38 is divided by 2?
0
Calculate the remainder when 4068 is divided by 28.
8
What is the remainder when 596 is divided by 60?
56
What is the remainder when 9456 is divided by 4716?
24
Calculate the remainder when 1590 is divided by 1581.
9
What is the remainder when 722 is divided by 57?
38
Calculate the remainder when 346 is divided by 29.
27
Calculate the remainder when 168 is divided by 48.
24
What is the remainder when 808 is divided by 78?
28
Calculate the remainder when 10684 is divided by 5.
4
What is the remainder when 3681 is divided by 216?
9
What is the remainder when 1039 is divided by 18?
13
What is the remainder when 363 is divided by 280?
83
Calculate the remainder when 253 is divided by 87.
79
What is the remainder when 29 is divided by 2?
1
Calculate the remainder when 4163 is divided by 7.
5
Calculate the remainder when 112 is divided by 9.
4
What is the remainder when 3721 is divided by 14?
11
What is the remainder when 254 is divided by 85?
84
Calculate the remainder when 182 is divided by 37.
34
Calculate the remainder when 74 is divided by 27.
20
Calculate the remainder when 1213 is divided by 23.
17
What is the remainder when 461 is divided by 22?
21
What is the remainder when 590 is divided by 85?
80
Calculate the remainder when 908 is divided by 26.
24
What is the remainder when 139 is divided by 38?
25
Calculate the remainder when 262 is divided by 49.
17
Calculate the remainder when 1609 is divided by 35.
34
Calculate the remainder when 7471 is divided by 159.
157
Calculate the remainder when 6668 is divided by 145.
143
Calculate the remainder when 27 is divided by 4.
3
Calculate the remainder when 94 is divided by 1.
0
Calculate the remainder when 347 is divided by 29.
28
Calculate the remainder when 185 is divided by 51.
32
What is the remainder when 159 is divided by 62?
35
Calculate the remainder when 1359 is divided by 13.
7
Calculate the remainder when 333 is divided by 81.
9
What is the remainder when 19402 is divided by 198?
196
Calculate the remainder when 57 is divided by 48.
9
What is the remainder when 230 is divided by 118?
112
What is the remainder when 284 is divided by 6?
2
What is the remainder when 289 is divided by 58?
57
Calculate the remainder when 15823 is divided by 344.
343
What is the remainder when 713 is divided by 11?
9
Calculate the remainder when 68 is divided by 4.
0
What is the remainder when 15902 is divided by 57?
56
What is the remainder when 253 is divided by 30?
13
What is the remainder when 908 is divided by 9?
8
Calculate the remainder when 1514 is divided by 168.
2
Calculate the remainder when 60 is divided by 43.
17
What is the remainder when 378 is divided by 151?
76
Calculate the remainder when 152 is divided by 7.
5
What is the remainder when 13 is divided by 6?
1
Calculate the remainder when 637 is divided by 98.
49
What is the remainder when 298 is divided by 128?
42
Calculate the remainder when 56 is divided by 33.
23
Calculate the remainder when 389 is divided by 79.
73
Calculate the remainder when 5636 is divided by 10.
6
What is the remainder when 3348 is divided by 80?
68
What is the remainder when 240 is divided by 135?
105
Calculate the remainder when 445 is divided by 91.
81
Calculate the remainder when 287 is divided by 65.
27
Calculate the remainder when 249 is divided by 47.
14
What is the remainder when 3583 is divided by 39?
34
What is the remainder when 993 is divided by 44?
25
What is the remainder when 73 is divided by 20?
13
What is the remainder when 489 is divided by 10?
9
Calculate the remainder when 4199 is divided by 168.
167
What is the remainder when 1887 is divided by 208?
15
Calculate the remainder when 862 is divided by 428.
6
Calculate the remainder when 5574 is divided by 5.
4
Calculate the remain